{"id":28,"date":"2023-08-13T07:12:12","date_gmt":"2023-08-13T05:12:12","guid":{"rendered":"https:\/\/notaria19chih.com\/?page_id=28"},"modified":"2023-08-14T19:18:17","modified_gmt":"2023-08-14T17:18:17","slug":"historia","status":"publish","type":"page","link":"https:\/\/notaria19chih.com\/index.php\/historia\/","title":{"rendered":"Historia"},"content":{"rendered":"\n<figure class=\"wp-block-image size-large\"><img decoding=\"async\" loading=\"lazy\" width=\"1024\" height=\"509\" src=\"https:\/\/notaria19chih.com\/wp-content\/uploads\/2023\/08\/cropped-Port_IG-1024x509.png\" alt=\"\" class=\"wp-image-18\" srcset=\"https:\/\/notaria19chih.com\/wp-content\/uploads\/2023\/08\/cropped-Port_IG-1024x509.png 1024w, https:\/\/notaria19chih.com\/wp-content\/uploads\/2023\/08\/cropped-Port_IG-300x149.png 300w, https:\/\/notaria19chih.com\/wp-content\/uploads\/2023\/08\/cropped-Port_IG-768x382.png 768w, https:\/\/notaria19chih.com\/wp-content\/uploads\/2023\/08\/cropped-Port_IG-1536x763.png 1536w, https:\/\/notaria19chih.com\/wp-content\/uploads\/2023\/08\/cropped-Port_IG-1000x497.png 1000w, https:\/\/notaria19chih.com\/wp-content\/uploads\/2023\/08\/cropped-Port_IG-230x114.png 230w, https:\/\/notaria19chih.com\/wp-content\/uploads\/2023\/08\/cropped-Port_IG-350x174.png 350w, https:\/\/notaria19chih.com\/wp-content\/uploads\/2023\/08\/cropped-Port_IG-480x239.png 480w, https:\/\/notaria19chih.com\/wp-content\/uploads\/2023\/08\/cropped-Port_IG.png 1920w\" sizes=\"(max-width: 1024px) 100vw, 1024px\" \/><\/figure>\n\n\n\n<p>En el mes de abril del a\u00f1o 2014 abre sus puertas la Notar\u00eda P\u00fablica 19 para el Distrito Judicial Morelos en el Estado de Chihuahua. Desde su inicio ofrecemos un servicio profesional y transparente a nuestros clientes, lo que nos ha hecho merecedores de su confianza.<\/p>\n\n\n\n<h5 class=\"wp-block-heading\">Lic. V\u00edctor Manuel Gonz\u00e1lez L\u00f3pez<\/h5>\n\n\n\n<figure class=\"wp-block-gallery has-nested-images columns-default is-cropped wp-block-gallery-1 is-layout-flex wp-block-gallery-is-layout-flex\">\n<figure class=\"wp-block-image size-large is-resized\"><img decoding=\"async\" data-id=\"36\" src=\"https:\/\/notaria19chih.com\/wp-content\/uploads\/2023\/08\/Notaria-002-1-edited-scaled.jpg\" alt=\"\" class=\"wp-image-36\" style=\"aspect-ratio:16\/9;object-fit:contain;width:400px\" width=\"400\" srcset=\"https:\/\/notaria19chih.com\/wp-content\/uploads\/2023\/08\/Notaria-002-1-edited-scaled.jpg 2560w, https:\/\/notaria19chih.com\/wp-content\/uploads\/2023\/08\/Notaria-002-1-edited-300x225.jpg 300w, https:\/\/notaria19chih.com\/wp-content\/uploads\/2023\/08\/Notaria-002-1-edited-1024x768.jpg 1024w, https:\/\/notaria19chih.com\/wp-content\/uploads\/2023\/08\/Notaria-002-1-edited-768x576.jpg 768w, https:\/\/notaria19chih.com\/wp-content\/uploads\/2023\/08\/Notaria-002-1-edited-1536x1151.jpg 1536w, https:\/\/notaria19chih.com\/wp-content\/uploads\/2023\/08\/Notaria-002-1-edited-2048x1535.jpg 2048w, https:\/\/notaria19chih.com\/wp-content\/uploads\/2023\/08\/Notaria-002-1-edited-1000x750.jpg 1000w, https:\/\/notaria19chih.com\/wp-content\/uploads\/2023\/08\/Notaria-002-1-edited-230x172.jpg 230w, https:\/\/notaria19chih.com\/wp-content\/uploads\/2023\/08\/Notaria-002-1-edited-350x262.jpg 350w, https:\/\/notaria19chih.com\/wp-content\/uploads\/2023\/08\/Notaria-002-1-edited-480x360.jpg 480w\" sizes=\"(max-width: 2560px) 100vw, 2560px\" \/><\/figure>\n<\/figure>\n\n\n\n<p><em>Lic. V\u00edctor Manuel Gonz\u00e1lez L\u00f3pez<\/em><\/p>\n\n\n\n<p>1969 a 2007 Abogado postulante<\/p>\n\n\n\n<p>2003 a 2007: Aspirante al ejercicio del Notariado para el Estado de Chihuahua.<\/p>\n\n\n\n<p>2007 a enero de 2014: Notario P\u00fablico n\u00fam. 3 para el Distrito Judicial Guerrero del Estado de Chihuahua. <\/p>\n\n\n\n<p>2014 a la fecha: Notario P\u00fablico n\u00fam. 19 para el Distrito Judicial Morelos del Estado de Chihuahua.<\/p>\n\n\n\n<figure class=\"wp-block-image size-large\"><img decoding=\"async\" loading=\"lazy\" width=\"1024\" height=\"684\" src=\"https:\/\/notaria19chih.com\/wp-content\/uploads\/2023\/08\/Notaria-014-1024x684.jpg\" alt=\"\" class=\"wp-image-83\" srcset=\"https:\/\/notaria19chih.com\/wp-content\/uploads\/2023\/08\/Notaria-014-1024x684.jpg 1024w, https:\/\/notaria19chih.com\/wp-content\/uploads\/2023\/08\/Notaria-014-300x200.jpg 300w, https:\/\/notaria19chih.com\/wp-content\/uploads\/2023\/08\/Notaria-014-768x513.jpg 768w, https:\/\/notaria19chih.com\/wp-content\/uploads\/2023\/08\/Notaria-014-1536x1025.jpg 1536w, https:\/\/notaria19chih.com\/wp-content\/uploads\/2023\/08\/Notaria-014-2048x1367.jpg 2048w, https:\/\/notaria19chih.com\/wp-content\/uploads\/2023\/08\/Notaria-014-1000x668.jpg 1000w, https:\/\/notaria19chih.com\/wp-content\/uploads\/2023\/08\/Notaria-014-230x154.jpg 230w, https:\/\/notaria19chih.com\/wp-content\/uploads\/2023\/08\/Notaria-014-350x234.jpg 350w, https:\/\/notaria19chih.com\/wp-content\/uploads\/2023\/08\/Notaria-014-480x320.jpg 480w\" sizes=\"(max-width: 1024px) 100vw, 1024px\" \/><\/figure>\n","protected":false},"excerpt":{"rendered":"<p>En el mes de abril del a\u00f1o 2014 abre sus puertas la Notar\u00eda P\u00fablica 19 para el Distrito Judicial Morelos en el [&hellip;]<\/p>\n","protected":false},"author":1,"featured_media":0,"parent":0,"menu_order":0,"comment_status":"closed","ping_status":"closed","template":"","meta":{"footnotes":""},"_links":{"self":[{"href":"https:\/\/notaria19chih.com\/index.php\/wp-json\/wp\/v2\/pages\/28"}],"collection":[{"href":"https:\/\/notaria19chih.com\/index.php\/wp-json\/wp\/v2\/pages"}],"about":[{"href":"https:\/\/notaria19chih.com\/index.php\/wp-json\/wp\/v2\/types\/page"}],"author":[{"embeddable":true,"href":"https:\/\/notaria19chih.com\/index.php\/wp-json\/wp\/v2\/users\/1"}],"replies":[{"embeddable":true,"href":"https:\/\/notaria19chih.com\/index.php\/wp-json\/wp\/v2\/comments?post=28"}],"version-history":[{"count":5,"href":"https:\/\/notaria19chih.com\/index.php\/wp-json\/wp\/v2\/pages\/28\/revisions"}],"predecessor-version":[{"id":84,"href":"https:\/\/notaria19chih.com\/index.php\/wp-json\/wp\/v2\/pages\/28\/revisions\/84"}],"wp:attachment":[{"href":"https:\/\/notaria19chih.com\/index.php\/wp-json\/wp\/v2\/media?parent=28"}],"curies":[{"name":"wp","href":"https:\/\/api.w.org\/{rel}","templated":true}]}}