{"id":2,"date":"2023-08-13T05:25:23","date_gmt":"2023-08-13T03:25:23","guid":{"rendered":"https:\/\/notaria19chih.com\/?page_id=2"},"modified":"2023-08-13T08:26:45","modified_gmt":"2023-08-13T06:26:45","slug":"pagina-ejemplo","status":"publish","type":"page","link":"https:\/\/notaria19chih.com\/","title":{"rendered":"Nuestro enfoque"},"content":{"rendered":"\n<p>Cada d\u00eda nos esforzamos por ofrecer un excelente servicio ya que nos sentimos comprometidos al 100% en ofrecer soluciones efectivas en el menor tiempo posible.<\/p>\n\n\n\n<p>Contamos con un excelente equipo de trabajo conformado por profesionales en materia jur\u00eddica y notarial, encargados de asesorar y respaldar a nuestros clientes al momento de requerir nuestros servicios.<\/p>\n\n\n\n<figure class=\"wp-block-embed is-type-video is-provider-youtube wp-block-embed-youtube wp-embed-aspect-16-9 wp-has-aspect-ratio\"><div class=\"wp-block-embed__wrapper\">\n<iframe loading=\"lazy\" title=\"Notar\u00eda P\u00fablica n\u00famero 19\" width=\"1170\" height=\"658\" src=\"https:\/\/www.youtube.com\/embed\/hpUPjXAfmN8?feature=oembed\" frameborder=\"0\" allow=\"accelerometer; autoplay; clipboard-write; encrypted-media; gyroscope; picture-in-picture; web-share\" allowfullscreen><\/iframe>\n<\/div><\/figure>\n\n\n\n<blockquote class=\"wp-block-quote\">\n<p>En la Notar\u00eda 19 estamos conscientes de las necesidades de nuestros clientes, por ello contamos con un equipo de gran talento y con un alto sentido de responsabilidad y empat\u00eda.<\/p>\n\n\n\n<p>Los tr\u00e1mites notariales los realizamos en un lapso de tiempo competitivo para darle celeridad a los asuntos que nuestros clientes dejan en nuestras manos.<\/p>\n<\/blockquote>\n\n\n\n<p><\/p>\n","protected":false},"excerpt":{"rendered":"<p>Cada d\u00eda nos esforzamos por ofrecer un excelente servicio ya que nos sentimos comprometidos al 100% en ofrecer soluciones efectivas en el [&hellip;]<\/p>\n","protected":false},"author":1,"featured_media":0,"parent":0,"menu_order":0,"comment_status":"closed","ping_status":"open","template":"","meta":{"footnotes":""},"_links":{"self":[{"href":"https:\/\/notaria19chih.com\/index.php\/wp-json\/wp\/v2\/pages\/2"}],"collection":[{"href":"https:\/\/notaria19chih.com\/index.php\/wp-json\/wp\/v2\/pages"}],"about":[{"href":"https:\/\/notaria19chih.com\/index.php\/wp-json\/wp\/v2\/types\/page"}],"author":[{"embeddable":true,"href":"https:\/\/notaria19chih.com\/index.php\/wp-json\/wp\/v2\/users\/1"}],"replies":[{"embeddable":true,"href":"https:\/\/notaria19chih.com\/index.php\/wp-json\/wp\/v2\/comments?post=2"}],"version-history":[{"count":7,"href":"https:\/\/notaria19chih.com\/index.php\/wp-json\/wp\/v2\/pages\/2\/revisions"}],"predecessor-version":[{"id":168,"href":"https:\/\/notaria19chih.com\/index.php\/wp-json\/wp\/v2\/pages\/2\/revisions\/168"}],"wp:attachment":[{"href":"https:\/\/notaria19chih.com\/index.php\/wp-json\/wp\/v2\/media?parent=2"}],"curies":[{"name":"wp","href":"https:\/\/api.w.org\/{rel}","templated":true}]}}